{"id":47,"date":"2024-07-16T18:30:54","date_gmt":"2024-07-16T18:30:54","guid":{"rendered":"https:\/\/kontaccr.com\/?page_id=47"},"modified":"2024-08-27T09:47:31","modified_gmt":"2024-08-27T15:47:31","slug":"modelos-de-software-y-autogestion","status":"publish","type":"page","link":"https:\/\/kontaccr.com\/?page_id=47","title":{"rendered":"Modelos de Software y Autogesti\u00f3n"},"content":{"rendered":"\t\t<div data-elementor-type=\"wp-page\" data-elementor-id=\"47\" class=\"elementor elementor-47\" data-elementor-post-type=\"page\">\n\t\t\t\t<div class=\"elementor-element elementor-element-4c80fa3 e-flex e-con-boxed e-con e-parent\" data-id=\"4c80fa3\" data-element_type=\"container\" data-e-type=\"container\" data-settings=\"{&quot;background_background&quot;:&quot;slideshow&quot;,&quot;background_slideshow_gallery&quot;:[{&quot;id&quot;:502,&quot;url&quot;:&quot;https:\\\/\\\/kontaccr.com\\\/wp-content\\\/uploads\\\/2024\\\/08\\\/modelo.png&quot;}],&quot;background_slideshow_loop&quot;:&quot;yes&quot;,&quot;background_slideshow_slide_duration&quot;:5000,&quot;background_slideshow_slide_transition&quot;:&quot;fade&quot;,&quot;background_slideshow_transition_duration&quot;:500}\">\n\t\t\t\t\t<div class=\"e-con-inner\">\n\t\t\t\t<div class=\"elementor-element elementor-element-fdc5166 elementor-widget elementor-widget-spacer\" data-id=\"fdc5166\" data-element_type=\"widget\" data-e-type=\"widget\" data-widget_type=\"spacer.default\">\n\t\t\t\t<div class=\"elementor-widget-container\">\n\t\t\t\t\t\t\t<div class=\"elementor-spacer\">\n\t\t\t<div class=\"elementor-spacer-inner\"><\/div>\n\t\t<\/div>\n\t\t\t\t\t\t<\/div>\n\t\t\t\t<\/div>\n\t\t\t\t<div class=\"elementor-element elementor-element-e968085 elementor-widget elementor-widget-spacer\" data-id=\"e968085\" data-element_type=\"widget\" data-e-type=\"widget\" data-widget_type=\"spacer.default\">\n\t\t\t\t<div class=\"elementor-widget-container\">\n\t\t\t\t\t\t\t<div class=\"elementor-spacer\">\n\t\t\t<div class=\"elementor-spacer-inner\"><\/div>\n\t\t<\/div>\n\t\t\t\t\t\t<\/div>\n\t\t\t\t<\/div>\n\t\t\t\t\t<\/div>\n\t\t\t\t<\/div>\n\t\t<div class=\"elementor-element elementor-element-779d5ad e-flex e-con-boxed e-con e-parent\" data-id=\"779d5ad\" data-element_type=\"container\" data-e-type=\"container\" data-settings=\"{&quot;background_background&quot;:&quot;classic&quot;}\">\n\t\t\t\t\t<div class=\"e-con-inner\">\n\t\t\t\t<div class=\"elementor-element elementor-element-57dc31c elementor-widget elementor-widget-text-editor\" data-id=\"57dc31c\" data-element_type=\"widget\" data-e-type=\"widget\" data-widget_type=\"text-editor.default\">\n\t\t\t\t<div class=\"elementor-widget-container\">\n\t\t\t\t\t\t\t\t\t<p><b>Desde la idea hasta el dise\u00f1o y el desarrollo, <\/b>te creamos aplicaciones m\u00f3viles y software a la medida para <b>impulsar la autogesti\u00f3n<\/b>. Nuestros modelos de software est\u00e1n dise\u00f1ados para ofrecer <b>soluciones intuitivas y eficientes<\/b> que permiten a tus usuarios gestionar sus propias necesidades de manera aut\u00f3noma. Entendemos la importancia de la autogesti\u00f3n en el mundo empresarial actual y nos enfocamos en <b>desarrollar herramientas que empoderen a tus clientes y empleados.<\/b><\/p>\n<p>Nuestro <b>proceso comienza con una profunda comprensi\u00f3n de tus necesidades y objetivos. <\/b>Trabajamos contigo para conceptualizar y dise\u00f1ar soluciones que se integren perfectamente con tus operaciones existentes. <b>Utilizamos las \u00faltimas tecnolog\u00edas y metodolog\u00edas <\/b>de desarrollo para crear aplicaciones m\u00f3viles y software personalizados que no solo cumplen con tus requisitos, sino que tambi\u00e9n <b>proporcionan una experiencia de usuario excepcional.<\/b><\/p>\n<p>Si est\u00e1s listo para innovar, actualizar o agregar nuevas funciones a tu negocio, estamos aqu\u00ed para ayudarte. Nuestras soluciones de software de autogesti\u00f3n est\u00e1n dise\u00f1adas para <b>mejorar la eficiencia operativa,<\/b> <b>reducir costos y aumentar la satisfacci\u00f3n del cliente. <\/b>Ya sea que necesites un sistema para gestionar reservas, un portal de autoservicio para empleados, o una aplicaci\u00f3n m\u00f3vil para interactuar con tus clientes, <b>podemos desarrollar la soluci\u00f3n perfecta para ti.<\/b><\/p>\n<p>Conf\u00eda en nuestra experiencia y enfoque personalizado para<b> transformar tus ideas en soluciones tecnol\u00f3gicas <\/b>que optimizan tus procesos y mejoran la experiencia de tus clientes. Estamos comprometidos a <b>ayudarte a alcanzar el \u00e9xito <\/b>a trav\u00e9s de la innovaci\u00f3n tecnol\u00f3gica.<\/p>\t\t\t\t\t\t\t\t<\/div>\n\t\t\t\t<\/div>\n\t\t\t\t\t<\/div>\n\t\t\t\t<\/div>\n\t\t<div class=\"elementor-element elementor-element-2d5913e e-flex e-con-boxed e-con e-parent\" data-id=\"2d5913e\" data-element_type=\"container\" data-e-type=\"container\" data-settings=\"{&quot;background_background&quot;:&quot;classic&quot;}\">\n\t\t\t\t\t<div class=\"e-con-inner\">\n\t\t\t\t<div class=\"elementor-element elementor-element-f4c23b9 elementor-widget elementor-widget-video\" data-id=\"f4c23b9\" data-element_type=\"widget\" data-e-type=\"widget\" data-settings=\"{&quot;youtube_url&quot;:&quot;https:\\\/\\\/youtu.be\\\/fi1VISLBkmM&quot;,&quot;video_type&quot;:&quot;youtube&quot;,&quot;controls&quot;:&quot;yes&quot;}\" data-widget_type=\"video.default\">\n\t\t\t\t<div class=\"elementor-widget-container\">\n\t\t\t\t\t\t\t<div class=\"elementor-wrapper elementor-open-inline\">\n\t\t\t<div class=\"elementor-video\"><\/div>\t\t<\/div>\n\t\t\t\t\t\t<\/div>\n\t\t\t\t<\/div>\n\t\t\t\t\t<\/div>\n\t\t\t\t<\/div>\n\t\t<div class=\"elementor-element elementor-element-d6bd845 e-flex e-con-boxed e-con e-parent\" data-id=\"d6bd845\" data-element_type=\"container\" data-e-type=\"container\" data-settings=\"{&quot;background_background&quot;:&quot;classic&quot;}\">\n\t\t\t\t\t<div class=\"e-con-inner\">\n\t\t\t\t<div class=\"elementor-element elementor-element-9b58a94 elementor-widget elementor-widget-text-editor\" data-id=\"9b58a94\" data-element_type=\"widget\" data-e-type=\"widget\" data-widget_type=\"text-editor.default\">\n\t\t\t\t<div class=\"elementor-widget-container\">\n\t\t\t\t\t\t\t\t\t<h3>\u00a1No esperes m\u00e1s! Cont\u00e1ctanos hoy y descubre c\u00f3mo nuestras soluciones de software pueden revolucionar tu negocio.<\/h3>\t\t\t\t\t\t\t\t<\/div>\n\t\t\t\t<\/div>\n\t\t\t\t<div class=\"elementor-element elementor-element-07fa4d0 elementor-align-center elementor-widget elementor-widget-button\" data-id=\"07fa4d0\" data-element_type=\"widget\" data-e-type=\"widget\" data-widget_type=\"button.default\">\n\t\t\t\t<div class=\"elementor-widget-container\">\n\t\t\t\t\t\t\t\t\t<div class=\"elementor-button-wrapper\">\n\t\t\t\t\t<a class=\"elementor-button elementor-button-link elementor-size-sm\" href=\"https:\/\/wa.link\/tez94w\">\n\t\t\t\t\t\t<span class=\"elementor-button-content-wrapper\">\n\t\t\t\t\t\t<span class=\"elementor-button-icon\">\n\t\t\t\t<svg aria-hidden=\"true\" class=\"e-font-icon-svg e-fab-whatsapp\" viewBox=\"0 0 448 512\" xmlns=\"http:\/\/www.w3.org\/2000\/svg\"><path d=\"M380.9 97.1C339 55.1 283.2 32 223.9 32c-122.4 0-222 99.6-222 222 0 39.1 10.2 77.3 29.6 111L0 480l117.7-30.9c32.4 17.7 68.9 27 106.1 27h.1c122.3 0 224.1-99.6 224.1-222 0-59.3-25.2-115-67.1-157zm-157 341.6c-33.2 0-65.7-8.9-94-25.7l-6.7-4-69.8 18.3L72 359.2l-4.4-7c-18.5-29.4-28.2-63.3-28.2-98.2 0-101.7 82.8-184.5 184.6-184.5 49.3 0 95.6 19.2 130.4 54.1 34.8 34.9 56.2 81.2 56.1 130.5 0 101.8-84.9 184.6-186.6 184.6zm101.2-138.2c-5.5-2.8-32.8-16.2-37.9-18-5.1-1.9-8.8-2.8-12.5 2.8-3.7 5.6-14.3 18-17.6 21.8-3.2 3.7-6.5 4.2-12 1.4-32.6-16.3-54-29.1-75.5-66-5.7-9.8 5.7-9.1 16.3-30.3 1.8-3.7.9-6.9-.5-9.7-1.4-2.8-12.5-30.1-17.1-41.2-4.5-10.8-9.1-9.3-12.5-9.5-3.2-.2-6.9-.2-10.6-.2-3.7 0-9.7 1.4-14.8 6.9-5.1 5.6-19.4 19-19.4 46.3 0 27.3 19.9 53.7 22.6 57.4 2.8 3.7 39.1 59.7 94.8 83.8 35.2 15.2 49 16.5 66.6 13.9 10.7-1.6 32.8-13.4 37.4-26.4 4.6-13 4.6-24.1 3.2-26.4-1.3-2.5-5-3.9-10.5-6.6z\"><\/path><\/svg>\t\t\t<\/span>\n\t\t\t\t\t\t\t\t\t<span class=\"elementor-button-text\">Cotizaci\u00f3n<\/span>\n\t\t\t\t\t<\/span>\n\t\t\t\t\t<\/a>\n\t\t\t\t<\/div>\n\t\t\t\t\t\t\t\t<\/div>\n\t\t\t\t<\/div>\n\t\t\t\t\t<\/div>\n\t\t\t\t<\/div>\n\t\t\t\t<\/div>\n\t\t","protected":false},"excerpt":{"rendered":"<p>Desde la idea hasta el dise\u00f1o y el desarrollo, te creamos aplicaciones m\u00f3viles y software a la medida para impulsar la autogesti\u00f3n. Nuestros modelos de software est\u00e1n dise\u00f1ados para ofrecer soluciones intuitivas y eficientes que permiten a tus usuarios gestionar sus propias necesidades de manera aut\u00f3noma. Entendemos la importancia de la autogesti\u00f3n en el mundo&hellip;&nbsp;<a href=\"https:\/\/kontaccr.com\/?page_id=47\" rel=\"bookmark\">Read More &raquo;<span class=\"screen-reader-text\">Modelos de Software y Autogesti\u00f3n<\/span><\/a><\/p>\n","protected":false},"author":1,"featured_media":0,"parent":81,"menu_order":0,"comment_status":"closed","ping_status":"closed","template":"page-templates\/template-pagebuilder-full-width.php","meta":{"neve_meta_sidebar":"","neve_meta_container":"","neve_meta_enable_content_width":"on","neve_meta_content_width":100,"neve_meta_title_alignment":"","neve_meta_author_avatar":"","neve_post_elements_order":"","neve_meta_disable_header":"","neve_meta_disable_footer":"","neve_meta_disable_title":"on","footnotes":""},"class_list":["post-47","page","type-page","status-publish","hentry"],"_links":{"self":[{"href":"https:\/\/kontaccr.com\/index.php?rest_route=\/wp\/v2\/pages\/47","targetHints":{"allow":["GET"]}}],"collection":[{"href":"https:\/\/kontaccr.com\/index.php?rest_route=\/wp\/v2\/pages"}],"about":[{"href":"https:\/\/kontaccr.com\/index.php?rest_route=\/wp\/v2\/types\/page"}],"author":[{"embeddable":true,"href":"https:\/\/kontaccr.com\/index.php?rest_route=\/wp\/v2\/users\/1"}],"replies":[{"embeddable":true,"href":"https:\/\/kontaccr.com\/index.php?rest_route=%2Fwp%2Fv2%2Fcomments&post=47"}],"version-history":[{"count":16,"href":"https:\/\/kontaccr.com\/index.php?rest_route=\/wp\/v2\/pages\/47\/revisions"}],"predecessor-version":[{"id":546,"href":"https:\/\/kontaccr.com\/index.php?rest_route=\/wp\/v2\/pages\/47\/revisions\/546"}],"up":[{"embeddable":true,"href":"https:\/\/kontaccr.com\/index.php?rest_route=\/wp\/v2\/pages\/81"}],"wp:attachment":[{"href":"https:\/\/kontaccr.com\/index.php?rest_route=%2Fwp%2Fv2%2Fmedia&parent=47"}],"curies":[{"name":"wp","href":"https:\/\/api.w.org\/{rel}","templated":true}]}}